{"id":5440,"date":"2025-02-23T15:41:33","date_gmt":"2025-02-23T14:41:33","guid":{"rendered":"https:\/\/www.sacredbodysound.dk\/?page_id=5440"},"modified":"2025-12-01T18:01:26","modified_gmt":"2025-12-01T17:01:26","slug":"reference","status":"publish","type":"page","link":"https:\/\/www.sacredbodysound.dk\/reference\/","title":{"rendered":"Reference"},"content":{"rendered":"\n<p class=\"has-text-align-left has-text-color has-link-color wp-elements-9b58bfc2141d89e658a85b9964586a2a\" style=\"color:#0f5472\">Her p\u00e5 siden finder du l\u00f8bende opdateringer med reference fra personer, som har testet\/lyttet til musiksekvenser, der er kanaliseret og indspillet af AnnaBodil Lildholdt Rytz. Scrol ned ad siden og klik p\u00e5 den musiksekvens\/det system, du \u00f8nsker at vide mere om!<\/p>\n\n\n\n<p class=\"has-text-color has-link-color wp-elements-d83d8e9f832ea4cf5e21823821dabfcf\" style=\"color:#0f5472\"><strong>Lidt om referencer<\/strong><\/p>\n\n\n\n<p class=\"has-text-color has-link-color wp-elements-5d3f52c43b34a0379c384c854fbec79b\" style=\"color:#0f5472\">Jeg har holdt mig tilbage fra at offentligg\u00f8re udtalelser, som jeg gennem tiden har modtaget fra personer, der har lyttet til mine musikkanaliseringer. M\u00e5ske ville forud kendskab og derved forventning om at &#8220;opleve det samme&#8221; v\u00e6re en hindring for det fulde udbytte af musikken? Eller m\u00e5ske skabe en form for skepsis, der lukkede af for tillid til musikkens effekt, for kunne det nu ogs\u00e5 v\u00e6re sandt?<\/p>\n\n\n\n<p class=\"has-text-color has-link-color wp-elements-4dbb57f7f0555852bfec0f9bec2c2f27\" style=\"color:#0f5472\">Med tiden har jeg har dog gjort nogle erfaringer, der tydeligt viser, at der for nogles vedkommende (inkl. mig selv \/ se <a href=\"https:\/\/www.sacredbodysound.dk\/index.php\/hjerne-flow-reference\/\">hjerne flow<\/a><a href=\"https:\/\/www.sacredbodysound.dk\/index.php\/reference-ved-annabodil\/\">)<\/a> kan v\u00e6re til stor hj\u00e6lp med kendskab til, dels andres oplevelser af musikken, dels de mere konkrete analyser, som er foretaget af hvert lydbillede. Derfor v\u00e6lger jeg at offentligg\u00f8re dem nu.<\/p>\n\n\n\n<p class=\"has-text-color has-link-color wp-elements-9f02342b1776d7af4f2742e2ee54be7d\" style=\"color:#0f5472\">Du er altid velkommen til at<a href=\"https:\/\/www.sacredbodysound.dk\/index.php\/kontakt\/\"> kontakte mig<\/a> for sp\u00f8rgsm\u00e5l eller andet med relevans til musikken. Sp\u00f8rgsm\u00e5l, der har med referencer at g\u00f8re, skal ske til den, der st\u00e5r for referencen, hvis kontakt link er tilf\u00f8jet!<\/p>\n\n\n\n<p class=\"has-vivid-red-color has-text-color has-link-color wp-elements-3432376c05e662b453506210347c5477\"><strong>OBS.<\/strong>: <br>Reference: NY serie &#8220;Portaler og 48 Elementer klik <a href=\"https:\/\/www.sacredbodysound.dk\/index.php\/reference-portal-elementer\/\">HER<\/a><br>Reference: Resonans-Portr\u00e6t \/musik og billede klik <a href=\"https:\/\/www.sacredbodysound.dk\/index.php\/resonans-portraet\/\">HER<\/a><\/p>\n\n\n\n<p class=\"has-text-color has-link-color wp-elements-827903468a2a98f7bf9b62be4dfc2814\" style=\"color:#0f5472\"><strong>1.<\/strong> <strong>Wake Up<\/strong> <a href=\"https:\/\/www.sacredbodysound.dk\/index.php\/wake-up-reference\/\">reference<\/a><\/p>\n\n\n\n<p class=\"has-text-color has-link-color wp-elements-2d4606cf217bcc001b8868577640b436\" style=\"color:#0f5472\"><strong>2. Lymfe systemet<\/strong> <a href=\"https:\/\/www.sacredbodysound.dk\/index.php\/lymfesystemet-reference\/\">reference<\/a><\/p>\n\n\n\n<p class=\"has-text-color has-link-color wp-elements-6af909ba770ce3ca444772a6e263ef23\" style=\"color:#0f5472\"><strong>3.<\/strong> <strong>Knoglesystemet<\/strong><a href=\"https:\/\/www.sacredbodysound.dk\/index.php\/knoglesystemet-reference\/\"> reference<\/a><\/p>\n\n\n\n<p class=\"has-text-color has-link-color wp-elements-1c4a805c1a23c65bf3173bd98e07f6aa\" style=\"color:#0f5472\">4.<strong> Muskel systemet <\/strong><a href=\"https:\/\/www.sacredbodysound.dk\/index.php\/muskelsystemet-reference\/\">reference<\/a><\/p>\n\n\n\n<p class=\"has-text-color has-link-color wp-elements-78bb6848d5245b8bf0d9b534f11ca90f\" style=\"color:#0f5472\">5. Hudens system <\/p>\n\n\n\n<p class=\"has-text-color has-link-color wp-elements-bef305092aa36c377e29dda89fd7feca\" style=\"color:#0f5472\">6. <strong>Kredsl\u00f8bet\/Hjertets kredsl\u00f8b<\/strong> <a href=\"https:\/\/www.sacredbodysound.dk\/index.php\/kredsloeb-reference\/\">reference<\/a><\/p>\n\n\n\n<p class=\"has-text-color has-link-color wp-elements-fdb5caeed61e51185b07191cad8e8331\" style=\"color:#0f5472\">7. Nervesystemet <\/p>\n\n\n\n<p class=\"has-text-color has-link-color wp-elements-01f5ed9a8033a89c7dc03e7bf742dda7\" style=\"color:#0f5472\"><strong>8. Hjerne flow <\/strong><a href=\"https:\/\/www.sacredbodysound.dk\/index.php\/hjerne-flow-reference\/\">reference<\/a><\/p>\n\n\n\n<p class=\"has-text-color has-link-color wp-elements-35461892d9c19bf5e9a31ed3b8885bfa\" style=\"color:#0f5472\"><strong>9. Lunge systemet<\/strong> <a href=\"https:\/\/www.sacredbodysound.dk\/index.php\/lungesystemet-reference\/\">reference<\/a><\/p>\n\n\n\n<p class=\"has-text-color has-link-color wp-elements-e67986f9ff8d6837ef827e63df787376\" style=\"color:#0f5472\"><strong>10<\/strong>. <strong>Dybdeafsp\u00e6nding<\/strong><a href=\"https:\/\/www.sacredbodysound.dk\/index.php\/dybdeafspaending-reference\/\"> reference<\/a><\/p>\n\n\n\n<p class=\"has-text-color has-link-color wp-elements-aee4f4a035bcbfbb6759b7a41e34a419\" style=\"color:#0f5472\"><strong>11. Ford\u00f8jelses systemet<\/strong> <a href=\"https:\/\/www.sacredbodysound.dk\/index.php\/fordoejelses-systemet-reference\/\">reference<\/a><\/p>\n\n\n\n<p class=\"has-text-color has-link-color wp-elements-52ef9b66fb169e14423b9602eac42bd8\" style=\"color:#0f5472\"><strong>12. Hormon systemet<\/strong> <a href=\"https:\/\/www.sacredbodysound.dk\/index.php\/hormon-systemet-reference\/\">reference<\/a><\/p>\n\n\n\n<p class=\"has-text-color has-link-color wp-elements-5e3df235c33d4df528c9010cfdb5f317\" style=\"color:#0f5472\">Du kan lytte til alle Kroppens lydbilleder <a href=\"https:\/\/www.sacredbodysound.dk\/index.php\/12-lydbilleder\/\">HER<\/a><\/p>\n\n\n\n<p><\/p>\n\n\n\n<p><a href=\"https:\/\/www.facebook.com\/groups\/1165913678248610\">F\u00f8lg p\u00e5 FB<\/a><\/p>\n","protected":false},"excerpt":{"rendered":"<p>Her p\u00e5 siden finder du l\u00f8bende opdateringer med reference fra personer, som har testet\/lyttet til musiksekvenser, der er kanaliseret og indspillet af AnnaBodil Lildholdt Rytz. Scrol ned ad siden og klik p\u00e5 den musiksekvens\/det system, du \u00f8nsker at vide mere om! Lidt om referencer Jeg har holdt mig tilbage fra at offentligg\u00f8re udtalelser, som jeg &hellip; <\/p>\n<p class=\"link-more\"><a href=\"https:\/\/www.sacredbodysound.dk\/reference\/\" class=\"more-link\">L\u00e6s videre<span class=\"screen-reader-text\"> &#8220;Reference&#8221;<\/span><\/a><\/p>\n","protected":false},"author":1,"featured_media":0,"parent":0,"menu_order":0,"comment_status":"closed","ping_status":"closed","template":"","meta":{"_bbp_topic_count":0,"_bbp_reply_count":0,"_bbp_total_topic_count":0,"_bbp_total_reply_count":0,"_bbp_voice_count":0,"_bbp_anonymous_reply_count":0,"_bbp_topic_count_hidden":0,"_bbp_reply_count_hidden":0,"_bbp_forum_subforum_count":0,"footnotes":""},"class_list":["post-5440","page","type-page","status-publish","hentry"],"yoast_head":"<!-- This site is optimized with the Yoast SEO plugin v27.3 - https:\/\/yoast.com\/product\/yoast-seo-wordpress\/ -->\n<title>Reference - Sacred Body Sound<\/title>\n<meta name=\"description\" content=\"Reference fra personer, der bl.a. har testet lydbilleder, der har til form\u00e5l at pleje og vedligeholde kroppes systemer\" \/>\n<meta name=\"robots\" content=\"index, follow, max-snippet:-1, max-image-preview:large, max-video-preview:-1\" \/>\n<link rel=\"canonical\" href=\"https:\/\/www.sacredbodysound.dk\/reference\/\" \/>\n<meta property=\"og:locale\" content=\"da_DK\" \/>\n<meta property=\"og:type\" content=\"article\" \/>\n<meta property=\"og:title\" content=\"Reference - Sacred Body Sound\" \/>\n<meta property=\"og:description\" content=\"Reference fra personer, der bl.a. har testet lydbilleder, der har til form\u00e5l at pleje og vedligeholde kroppes systemer\" \/>\n<meta property=\"og:url\" content=\"https:\/\/www.sacredbodysound.dk\/reference\/\" \/>\n<meta property=\"og:site_name\" content=\"Sacred Body Sound\" \/>\n<meta property=\"article:modified_time\" content=\"2025-12-01T17:01:26+00:00\" \/>\n<meta name=\"twitter:card\" content=\"summary_large_image\" \/>\n<meta name=\"twitter:label1\" content=\"Estimeret l\u00e6setid\" \/>\n\t<meta name=\"twitter:data1\" content=\"2 minutter\" \/>\n<script type=\"application\/ld+json\" class=\"yoast-schema-graph\">{\"@context\":\"https:\\\/\\\/schema.org\",\"@graph\":[{\"@type\":\"WebPage\",\"@id\":\"https:\\\/\\\/www.sacredbodysound.dk\\\/reference\\\/\",\"url\":\"https:\\\/\\\/www.sacredbodysound.dk\\\/reference\\\/\",\"name\":\"Reference - Sacred Body Sound\",\"isPartOf\":{\"@id\":\"https:\\\/\\\/www.sacredbodysound.dk\\\/#website\"},\"datePublished\":\"2025-02-23T14:41:33+00:00\",\"dateModified\":\"2025-12-01T17:01:26+00:00\",\"description\":\"Reference fra personer, der bl.a. har testet lydbilleder, der har til form\u00e5l at pleje og vedligeholde kroppes systemer\",\"breadcrumb\":{\"@id\":\"https:\\\/\\\/www.sacredbodysound.dk\\\/reference\\\/#breadcrumb\"},\"inLanguage\":\"da-DK\",\"potentialAction\":[{\"@type\":\"ReadAction\",\"target\":[\"https:\\\/\\\/www.sacredbodysound.dk\\\/reference\\\/\"]}]},{\"@type\":\"BreadcrumbList\",\"@id\":\"https:\\\/\\\/www.sacredbodysound.dk\\\/reference\\\/#breadcrumb\",\"itemListElement\":[{\"@type\":\"ListItem\",\"position\":1,\"name\":\"Hjem\",\"item\":\"https:\\\/\\\/www.sacredbodysound.dk\\\/\"},{\"@type\":\"ListItem\",\"position\":2,\"name\":\"Reference\"}]},{\"@type\":\"WebSite\",\"@id\":\"https:\\\/\\\/www.sacredbodysound.dk\\\/#website\",\"url\":\"https:\\\/\\\/www.sacredbodysound.dk\\\/\",\"name\":\"Sacred Body Sound\",\"description\":\"Musikkens Healende Kraft   v\\\/ AnnaBodil Lildholdt Rytz\",\"potentialAction\":[{\"@type\":\"SearchAction\",\"target\":{\"@type\":\"EntryPoint\",\"urlTemplate\":\"https:\\\/\\\/www.sacredbodysound.dk\\\/?s={search_term_string}\"},\"query-input\":{\"@type\":\"PropertyValueSpecification\",\"valueRequired\":true,\"valueName\":\"search_term_string\"}}],\"inLanguage\":\"da-DK\"}]}<\/script>\n<!-- \/ Yoast SEO plugin. -->","yoast_head_json":{"title":"Reference - Sacred Body Sound","description":"Reference fra personer, der bl.a. har testet lydbilleder, der har til form\u00e5l at pleje og vedligeholde kroppes systemer","robots":{"index":"index","follow":"follow","max-snippet":"max-snippet:-1","max-image-preview":"max-image-preview:large","max-video-preview":"max-video-preview:-1"},"canonical":"https:\/\/www.sacredbodysound.dk\/reference\/","og_locale":"da_DK","og_type":"article","og_title":"Reference - Sacred Body Sound","og_description":"Reference fra personer, der bl.a. har testet lydbilleder, der har til form\u00e5l at pleje og vedligeholde kroppes systemer","og_url":"https:\/\/www.sacredbodysound.dk\/reference\/","og_site_name":"Sacred Body Sound","article_modified_time":"2025-12-01T17:01:26+00:00","twitter_card":"summary_large_image","twitter_misc":{"Estimeret l\u00e6setid":"2 minutter"},"schema":{"@context":"https:\/\/schema.org","@graph":[{"@type":"WebPage","@id":"https:\/\/www.sacredbodysound.dk\/reference\/","url":"https:\/\/www.sacredbodysound.dk\/reference\/","name":"Reference - Sacred Body Sound","isPartOf":{"@id":"https:\/\/www.sacredbodysound.dk\/#website"},"datePublished":"2025-02-23T14:41:33+00:00","dateModified":"2025-12-01T17:01:26+00:00","description":"Reference fra personer, der bl.a. har testet lydbilleder, der har til form\u00e5l at pleje og vedligeholde kroppes systemer","breadcrumb":{"@id":"https:\/\/www.sacredbodysound.dk\/reference\/#breadcrumb"},"inLanguage":"da-DK","potentialAction":[{"@type":"ReadAction","target":["https:\/\/www.sacredbodysound.dk\/reference\/"]}]},{"@type":"BreadcrumbList","@id":"https:\/\/www.sacredbodysound.dk\/reference\/#breadcrumb","itemListElement":[{"@type":"ListItem","position":1,"name":"Hjem","item":"https:\/\/www.sacredbodysound.dk\/"},{"@type":"ListItem","position":2,"name":"Reference"}]},{"@type":"WebSite","@id":"https:\/\/www.sacredbodysound.dk\/#website","url":"https:\/\/www.sacredbodysound.dk\/","name":"Sacred Body Sound","description":"Musikkens Healende Kraft   v\/ AnnaBodil Lildholdt Rytz","potentialAction":[{"@type":"SearchAction","target":{"@type":"EntryPoint","urlTemplate":"https:\/\/www.sacredbodysound.dk\/?s={search_term_string}"},"query-input":{"@type":"PropertyValueSpecification","valueRequired":true,"valueName":"search_term_string"}}],"inLanguage":"da-DK"}]}},"_links":{"self":[{"href":"https:\/\/www.sacredbodysound.dk\/wp-json\/wp\/v2\/pages\/5440","targetHints":{"allow":["GET"]}}],"collection":[{"href":"https:\/\/www.sacredbodysound.dk\/wp-json\/wp\/v2\/pages"}],"about":[{"href":"https:\/\/www.sacredbodysound.dk\/wp-json\/wp\/v2\/types\/page"}],"author":[{"embeddable":true,"href":"https:\/\/www.sacredbodysound.dk\/wp-json\/wp\/v2\/users\/1"}],"replies":[{"embeddable":true,"href":"https:\/\/www.sacredbodysound.dk\/wp-json\/wp\/v2\/comments?post=5440"}],"version-history":[{"count":139,"href":"https:\/\/www.sacredbodysound.dk\/wp-json\/wp\/v2\/pages\/5440\/revisions"}],"predecessor-version":[{"id":6938,"href":"https:\/\/www.sacredbodysound.dk\/wp-json\/wp\/v2\/pages\/5440\/revisions\/6938"}],"wp:attachment":[{"href":"https:\/\/www.sacredbodysound.dk\/wp-json\/wp\/v2\/media?parent=5440"}],"curies":[{"name":"wp","href":"https:\/\/api.w.org\/{rel}","templated":true}]}}